2?
-11213
In base 9, what is 4 - 1416356?
-1416352
In base 11, what is 30 - -a56?
a86
In base 15, what is 460e - 8?
4606
In base 8, what is -5240 - 55?
-5315
In base 14, what is -75 - 314?
-389
In base 2, what is -1 + -101101001110111?
-101101001111000
In base 11, what is -68 + 3aa?
342
In base 12, what is -2461b0 + -8?
-2461b8
In base 14, what is -21 - -1678?
1657
In base 14, what is d + -1d11?
-1d02
In base 8, what is 23 + 1213?
1236
In base 15, what is 612b - 0?
612b
In base 9, what is -12425 + 234?
-12181
In base 10, what is -464614 + 13?
-464601
In base 14, what is 3 - 17b6?
-17b3
In base 16, what is 510 + 2d?
53d
In base 15, what is -d40 - 1b8?
-1008
In base 11, what is 2 + 213?
215
In base 5, what is 3 - 1001031?
-1001023
In base 6, what is 1 - 2034003?
-2034002
In base 13, what is 1 - 12583b?
-12583a
In base 15, what is -570 + -89?
-609
In base 10, what is 83 - 245?
-162
In base 13, what is -321ab - 4?
-321b2
In base 6, what is 10213 + 1402?
12015
In base 8, what is -3 - 17473?
-17476
In base 16, what is -5d - -7a?
1d
In base 5, what is -40313 - 412?
-41230
In base 16, what is -4ff - -38?
-4c7
In base 11, what is -2a - 145a?
-1489
In base 14, what is -a99 + 158?
-941
In base 16, what is 2e7baf + -4?
2e7bab
In base 13, what is 123 + 649?
76c
In base 8, what is -4 + -5552?
-5556
In base 8, what is 6 + -1077140?
-1077132
In base 9, what is 1423782 - -3?
1423785
In base 12, what is -a3 - -3b1?
30a
In base 2, what is 1000010000011 + -100100?
1000001011111
In base 14, what is -24b - -cb?
-160
In base 4, what is 3 + 32021302?
32021311
In base 4, what is -1 - 1313020?
-1313021
In base 9, what is 51264 + 1?
51265
In base 3, what is 12 - -20020111212?
20020112001
In base 15, what is -2de + -d0?
-3be
In base 4, what is 12132 - -223223?
302021
In base 15, what is -17 + 51?
39
In base 9, what is -685 + 75?
-610
In base 2, what is 10010101101 + 11101000?
10110010101
In base 9, what is 40337 - -151?
40488
In base 14, what is -13 + -103c?
-1051
In base 7, what is 1422304 - 4?
1422300
In base 11, what is -3 - 3761a1?
-3761a4
In base 13, what is -72 - 10946?
-109b8
In base 2, what is -101 + 11000101101110110?
11000101101110001
In base 5, what is 10010 + -333?
4122
In base 6, what is -15 + -3235104?
-3235123
In base 15, what is -55 + cc?
77
In base 11, what is -19464 - 4?
-19468
In base 3, what is 11221112 + 12?
11221201
In base 8, what is -3 + -437552?
-437555
In base 11, what is 14611 - -2?
14613
In base 9, what is 237123 - 1?
237122
In base 15, what is -6a - -cb8?
c4d
In base 3, what is 222200221011 + -11?
222200221000
In base 6, what is -3401202 + -2?
-3401204
In base 7, what is 0 + -135521?
-135521
In base 16, what is 2 - af15?
-af13
In base 7, what is -5 + -10042?
-10050
In base 16, what is 46fd - 1?
46fc
In base 2, what is 1000000001010110 - 0?
1000000001010110
In base 2, what is 1100001110 + 1111?
1100011101
In base 11, what is -3 - -7646?
7643
In base 7, what is -634 - 331?
-1265
In base 16, what is -5 - 4a828?
-4a82d
In base 14, what is 22a2 - -78?
233a
In base 5, what is 2 + 2011302?
2011304
In base 8, what is 166333 + -3?
166330
In base 4, what is 231311102 + 1?
231311103
In base 9, what is -2 + -71271?
-71273
In base 13, what is 4 - -26a6c?
26a73
In base 8, what is -643 - 111?
-754
In base 5, what is 12012242 - -4?
12012301
In base 5, what is 14 + 103023?
103042
In base 6, what is 431253 - 12?
431241
In base 10, what is 161611 + 8?
161619
In base 2, what is 100 - 110101001111111110?
-110101001111111010
In base 8, what is -7 - -5216?
5207
In base 13, what is 5a - -470?
4ca
In base 11, what is 768 + -662?
106
In base 5, what is 10133422 - 3?
10133414
In base 7, what is -1115443 - 3?
-1115446
In base 14, what is -7 + -8aad8?
-8ab01
In base 3, what is 1101002212000 + -10?
1101002211220
In base 8, what is 5513 + 2632?
10345
In base 3, what is 101 - 110000102?
-110000001
In base 11, what is 15010 + 2?
15012
In base 13, what is 0 + 543c?
543c
In base 5, what is 1104013 + -232?
1103231
In base 11, what is -4 - 3a92a?
-3a933
In base 10, what is -928 + 233?
-695
In base 6, what is 331 + 21?
352
In base 15, what is 2 + 3ac6?
3ac8
In base 2, what is 1010011011100011 + 1?
1010011011100100
In base 16, what is -1 + 1a6b?
1a6a
In base 3, what is 222122 + -1210?
220212
In base 16, what is 69f5 + -3?
69f2
In base 9, what is 0 + -4513?
-4513
In base 15, what is 0 - -212b5?
212b5
In base 6, what is 10055 + 122?
10221
In base 11, what is 5 + -3a08?
-3a03
In base 10, what is -5 + -107995?
-108000
In base 16, what is d8e37 + 3?
d8e3a
In base 12, what is -3 + -26365?
-26368
In base 14, what is -41 - d5d?
-da0
In base 12, what is -795 - 29?
-802
In base 14, what is 7128 + 4?
712c
In base 14, what is -5 + a48?
a43
In base 13, what is -2 - -57bca?
57bc8
In base 4, what is -11 - 1023130212?
-1023130223
In base 11, what is 2 + -479067?
-479065
In base 15, what is -25 + 4b41?
4b1b
In base 8, what is 16 - 3405?
-3367
In base 3, what is -11220 - -22020001?
22001011
In base 7, what is 5 - -113235?
113243
In base 3, what is -21100212111 - 11?
-21100212122
In base 5, what is 322103424 + 4?
322103433
In base 15, what is 19aa + -1d?
198c
In base 13, what is 63aa - 0?
63aa
In base 9, what is 36310 + 0?
36310
In base 15, what is -2 + -4b44?
-4b46
In base 16, what is 3 + cdf4e?
cdf51
In base 13, what is -a5261 - 0?
-a5261
In base 10, what is 190 + 1451?
1641
In base 15, what is -1109 + -22?
-112b
In base 14, what is -45a2 + -22?
-45c4
In base 2, what is 1001 - -1001111000?
1010000001
In base 11, what is 2013 + -20?
1aa3
In base 6, what is 4 + -1254520?
-1254512
In base 10, what is 34 + 1181?
1215
In base 16, what is 41d9 - 19?
41c0
In base 15, what is 299 + -51?
248
In base 6, what is 3443 - 5035?
-1152
In base 13, what is -b + -82?
-90
In base 4, what is 113 + -3101133?
-3101020
In base 11, what is -85185 + 1?
-85184
In base 10, what is 87 - 58?
29
In base 10, what is 7563 - -4?
7567
In base 16, what is 9d567 - -1?
9d568
In base 15, what is -13145 + -78?
-131bd
In base 11, what is -5300 + -a3?
-53a3
In base 3, what is 111010 + -202?
110101
In base 5, what is 12 + -1444?
-1432
In base 8, what is 5661 + 20?
5701
In base 6, what is 542343 - 4?
542335
In base 9, what is -528415 + -5?
-528421
In base 12, what is -1740 + 18?
-1724
In base 8, what is 162 + -1135?
-753
In base 9, what is 146 + -365?
-218
In base 7, what is 53 + -223062?
-223006
In base 4, what is -212 - -12212?
12000
In base 11, what is -107a202 - -1?
-107a201
In base 8, what is 2124 + 106?
2232
In base 16, what is -49 - -19a?
151
In base 14, what is b4931 - -5?
b4936
In base 8, what is -313 - 2414?
-2727
In base 6, what is 13322520 - -1?
13322521
In base 8, what is -1051 - -1526?
455
In base 2, what is 101 - -10100000011001110001?
10100000011001110110
In base 5, what is 4 + -2120242?
-2120233
In base 16, what is 8 + -183c9?
-183c1
In base 13, what is 4 + 23725?
23729
In base 11, what is 23073 + 4?
23077
In base 13, what is a72 - -702?
1474
In base 10, what is 3851 - -18?
3869
In base 9, what is 13445 + 45?
13501
In base 8, what is 65 + 310354?
310441
In base 9, what is -33687 + 28?
-33658
In base 11, what is -38 + 2873?
2836
In base 4, what is 10 - 2230322323?
-2230322313
In base 9, what is 278680 - -4?
278684
In base 12, what is -670b42 + 1?
-670b41
In base 14, what is -3 - -38078?
38075
In base 16, what is 14956 + -9?
1494d
In base 12, what is -462 + 0?
-462
In base 2, what is 11001011100100001 + 100?
11001011100100101
In base 14, what is -294846 + 4?
-294842
In base 3, what is -2110 + -2222?
-12102
In base 11, what is -13000 + -2?
-13002
In base 14, what is -71b + -27?
-744
In base 2, what is -11 + -1000001111001?
-1000001111100
In base 7, what is 3 + -1060314?
-1060311
In base 7, what is -405325 - -4?
-405321
In base 9, what is -7373 - -132?
-7241
In base 6, what is 1 + -1102333?
-1102332
In base 15, what is -16a8 + 254?
-1454
In base 3, what is -10102011000 - -101?
-10102010122
In base 11, what is -5 - -5a299?
5a294
In base 4, what is 1312003 - 21?
1311322
In base 10, what is -6398 + -11?
-6409
In base 2, what is -110011 - -110001111?
101011100
In base 10, what is 8 + 71518?
71526
In base 16, what is 22 + -37fc?
-37da
In base 10, what is 168 + -331?
-163
In base 11, what is -5523 + -28?
-5550
In base 16, what 